 2?
36fc
In base 2, what is 10000 - -11100111000?
11101001000
In base 10, what is -41 + -1024?
-1065
In base 4, what is 32 + 33330?
100022
In base 4, what is 322301 - -231?
323132
In base 15, what is -1082ca - 0?
-1082ca
In base 8, what is 70367 - 0?
70367
In base 5, what is 42 - -23134?
23231
In base 4, what is -33 + -11032120?
-11032213
In base 12, what is a118 + -180?
9b58
In base 9, what is 3515 + -1356?
2148
In base 7, what is 1203664 - -5?
1204002
In base 4, what is -33122 - 10002?
-103130
In base 7, what is -163 - -62?
-101
In base 4, what is 213110032 + -3?
213110023
In base 9, what is 154 - 746?
-582
In base 14, what is 18c28 + -2?
18c26
In base 4, what is -1 - -2102322?
2102321
In base 10, what is -69 - -54337?
54268
In base 14, what is -417 - 282?
-699
In base 2, what is -100110110100001000010 - -10?
-100110110100001000000
In base 4, what is 120003001 - 2?
120002333
In base 4, what is -2201 + 1013?
-1122
In base 13, what is -7208 - 0?
-7208
In base 6, what is -13 + 2015151?
2015134
In base 2, what is 0 + -10101010100001110011?
-10101010100001110011
In base 15, what is 4 + 1c72?
1c76
In base 16, what is 434 - -95?
4c9
In base 11, what is 0 + 9588?
9588
In base 12, what is 2825 - 36?
27ab
In base 11, what is 22633 + -2?
22631
In base 11, what is 0 - 2986?
-2986
In base 15, what is -3d - 3e8d?
-3ecb
In base 4, what is -13 + -210?
-223
In base 11, what is 18 - -19a2?
1a0a
In base 4, what is -33100101113 + 10?
-33100101103
In base 6, what is 552342 - -130?
552512
In base 3, what is 12 - 122202001?
-122201212
In base 15, what is -5 - -65300?
652ea
In base 14, what is -4 + 1165d?
11659
In base 15, what is 3c294 + -4?
3c290
In base 9, what is 38 + 45010?
45048
In base 13, what is 1b79 + -b?
1b6b
In base 5, what is -1113 + 1411001?
1404333
In base 5, what is 431210221 - -4?
431210230
In base 14, what is -1424 + -509?
-192d
In base 6, what is 12050 + -20?
12030
In base 3, what is 202 - 1122100?
-1121121
In base 4, what is -1 + 2200232?
2200231
In base 6, what is 104413 + -3?
104410
In base 9, what is 203 - 1514?
-1311
In base 13, what is 13c - -580?
6bc
In base 5, what is 0 - -20124000?
20124000
In base 7, what is -46 + 6403?
6324
In base 2, what is -1 + 1110011111000010010?
1110011111000010001
In base 3, what is 1202122111 - 112?
1202121222
In base 9, what is -3033045 + 4?
-3033041
In base 16, what is 8d3 + 16?
8e9
In base 15, what is 4 - -2be91?
2be95
In base 9, what is -118 - -44?
-64
In base 12, what is 1619 + 37?
1654
In base 6, what is 3225 + -1235?
1550
In base 10, what is 25 + -536?
-511
In base 6, what is 202500 - 33?
202423
In base 3, what is 2122 + 1221210112?
1221220011
In base 11, what is -113 - -2a0?
188
In base 7, what is -24 + 34660?
34633
In base 2, what is -10100011100 - 1011000100?
-11111100000
In base 15, what is 74 + 9b6?
a3a
In base 10, what is -112 + -3368?
-3480
In base 4, what is 11 - -22003121?
22003132
In base 4, what is 1230313023 - -2?
1230313031
In base 15, what is -68c0 + 1b?
-68a4
In base 16, what is 4627 - -1?
4628
In base 5, what is -432003214 - -3?
-432003211
In base 9, what is -2668 + 51?
-2617
In base 9, what is 2422 + -136?
2275
In base 9, what is 36 + 1883?
2030
In base 9, what is -166 + 332?
155
In base 13, what is -4 - 26c6c?
-26c73
In base 10, what is -1 - 22397?
-22398
In base 9, what is 2 - 1236675?
-1236673
In base 3, what is -2 + -1000111022?
-1000111101
In base 11, what is 25a + 37?
296
In base 11, what is -5 + -3a48?
-3a52
In base 15, what is -1 - 10b59?
-10b5a
In base 7, what is 1646 + 33?
2012
In base 13, what is 2 + -17ac4?
-17ac2
In base 2, what is -11101011010 - -1001?
-11101010001
In base 5, what is 323 - -32124?
33002
In base 11, what is -9 - 92290?
-92299
In base 13, what is 12 - 7301?
-72bc
In base 7, what is 12522 + -5?
12514
In base 13, what is 0 + 247a?
247a
In base 2, what is 10000101001 - -101101010?
10110010011
In base 8, what is -4064 - 26?
-4112
In base 5, what is 4434242 + 1?
4434243
In base 12, what is 10513 - -190?
106a3
In base 13, what is -11 - -144c?
143b
In base 15, what is -6949 + 25?
-6924
In base 5, what is -2122 + 402?
-1220
In base 5, what is -24101 - -3011?
-21040
In base 8, what is 72 + 1313?
1405
In base 13, what is 58 + -3c30?
-3ba5
In base 6, what is -5 + 24004525?
24004520
In base 3, what is 2 + 1202221002?
1202221011
In base 9, what is 67258 + 13?
67272
In base 12, what is -2 - -4313?
4311
In base 4, what is -22100 - 112222?
-200322
In base 16, what is 177fc - f?
177ed
In base 12, what is -18b6b + 4?
-18b67
In base 14, what is -276 + -60?
-2d6
In base 10, what is -9 - 28943?
-28952
In base 9, what is -2362 - -255?
-2106
In base 13, what is 14 - 51b5?
-51a1
In base 12, what is 1 - 1902a2?
-1902a1
In base 13, what is -89 + -223?
-2ac
In base 2, what is -10 + -10110011001000011010?
-10110011001000011100
In base 10, what is -1419029 + -4?
-1419033
In base 12, what is -11 + -1a1?
-1b2
In base 2, what is 0 + 10101000001110?
10101000001110
In base 8, what is -23435 + 1?
-23434
In base 13, what is 0 - 82588?
-82588
In base 5, what is -32 - -121?
34
In base 5, what is -2242 + 1123?
-1114
In base 2, what is 0 + 1010101010011?
1010101010011
In base 9, what is 5 + -523113?
-523107
In base 10, what is 1 + -3853?
-3852
In base 7, what is 12524603 - 2?
12524601
In base 6, what is -200 - 403520?
-404120
In base 12, what is 3 + 47a8?
47ab
In base 8, what is 26 + 26376?
26424
In base 14, what is 0 - -2257d3?
2257d3
In base 11, what is 863a + 7?
8646
In base 15, what is 1 + 181ca?
181cb
In base 6, what is -55355445 - -5?
-55355440
In base 14, what is 18b - 568c?
-5501
In base 9, what is -118281 - -1?
-118280
In base 16, what is -9214 - -5?
-920f
In base 5, what is 3 - 14410?
-14402
In base 13, what is -142584 + -2?
-142586
In base 11, what is 15216 - 3?
15213
In base 12, what is -1a91 - 239?
-210a
In base 15, what is -d - 2dba3?
-2dbb1
In base 3, what is 102220112202 + 10?
102220112212
In base 14, what is 8b10 - -1?
8b11
In base 3, what is -1000 + 112011121?
112010121
In base 6, what is 31452 + -243?
31205
In base 16, what is -7 - -ea1?
e9a
In base 10, what is 1 + 127?
128
In base 14, what is -b305 - 2?
-b307
In base 5, what is 1 + 2412340?
2412341
In base 11, what is -25 + 10a?
95
In base 2, what is -1011001000111111001111 - 101?
-1011001000111111010100
In base 8, what is 1552 + 75?
1647
In base 8, what is 2 + -40241?
-40237
In base 4, what is 11303 - 20213?
-2310
In base 12, what is -155 + 713?
57a
In base 15, what is 114 - 17e0?
-16cb
In base 5, what is 11 - -312221?
312232
In base 8, what is -277 + -2362?
-2661
In base 10, what is -1 - -117586?
117585
In base 10, what is 2094 + 2?
2096
In base 2, what is 111 + -10010111100110?
-10010111011111
In base 6, what is -15101 - -1135?
-13522
In base 9, what is -24 + -56537?
-56562
In base 15, what is bb + -7aa?
-6de
In base 5, what is -222324 + 1?
-222323
In base 16, what is -203bf - 0?
-203bf
In base 7, what is -444 - 121?
-565
In base 3, what is -2021112020012 - 10?
-2021112020022
In base 3, what is 11 - 1110010111?
-1110010100
In base 13, what is 28 - 2b?
-3
In base 10, what is 2 - 22586?
-22584
In base 7, what is -1 - 3026612?
-3026613
In base 2, what is -101 + -101111000100101001?
-101111000100101110
In base 9, what is -10 - 27430?
-27440
In base 10, what is -50 + 205?
155
In base 7, what is -10234 + -13?
-10250
In base 10, what is -53 + -1286?
-1339
In base 7, what is -2 - -3646063?
3646061
In base 15, what is -c9 + -a5?
-17e
In base 6, what is 1054 - -33?
1131
In base 7, what is -13426536 - -1?
-13426535
In base 12, what is -485042 + -5?
-485047
In base 9, what is 25506 - -18?
25525
In base 10, what is 287 + 777?
1064
In base 6, what is 221413 - -33?
221450
In base 14, what is 0 + -7cb?
-7cb
In base 10, what is 28 - 6466?
-6438
In base 3, what is -112220 - 22?
-120012
In base 8, what is 7570 - 10?
7560
In base 10, what is 2832 + 20?
2852
In base 12, what is -1218 - 280?
-1498
In base 14, what is 2b79c3 - -4?
2b79c7
In base 10, what is 1074683 + 4?
1074687
In base 13, what is 19916 - -7?
19920
In base 12, what is 7b + -11b5?
-1136
In base 14, what is 6 - 5844?
-583c
In base 14, what is -bd8 + -a78?
-1872
In base 16, what is -e - -8b13?
8b05
In base 8, what is -165767 - 22?
-166011
In base 4, what is 1020213123 - -1?
10202